posite?
True
Is 9181 a prime number?
True
Is 46891 prime?
False
Is 17159 a prime number?
True
Is 13751 composite?
False
Is 19139 a composite number?
False
Is 16319 a prime number?
True
Is 77093 composite?
False
Is 2631679 a prime number?
True
Is 226511 prime?
True
Is 59333 a composite number?
False
Is 1147859 prime?
False
Is 42995 a composite number?
True
Is 517523 composite?
True
Is 222679 prime?
True
Is 41091 prime?
False
Is 159449 prime?
False
Is 14513 a composite number?
True
Is 5471 a prime number?
True
Is 49519 composite?
True
Is 8665 prime?
False
Is 6857 a prime number?
True
Is 167378 a composite number?
True
Is 120759 a composite number?
True
Is 6029 a prime number?
True
Is 190027 a composite number?
False
Is 57557 a composite number?
False
Is 410207 a composite number?
True
Is 53267 a composite number?
False
Is 12401 composite?
False
Is 522843 a composite number?
True
Is 217 a composite number?
True
Is 397567 a prime number?
True
Is 106179 a prime number?
False
Is 304351 a composite number?
True
Is 28949 composite?
False
Is 1337 a composite number?
True
Is 256531 a prime number?
False
Is 17441 a prime number?
False
Is 7033 a prime number?
False
Is 1951 prime?
True
Is 103471 a prime number?
True
Is 10221 prime?
False
Is 1240409 a prime number?
False
Is 683465 prime?
False
Is 36037 a prime number?
True
Is 8839 composite?
False
Is 341269 composite?
False
Is 12277 a composite number?
False
Is 116579 a composite number?
False
Is 328979 a prime number?
False
Is 52149 composite?
True
Is 11945 composite?
True
Is 15101 composite?
False
Is 175891 a composite number?
False
Is 2784473 prime?
True
Is 3046 composite?
True
Is 3967 prime?
True
Is 5779 a prime number?
True
Is 29453 prime?
True
Is 118563 a composite number?
True
Is 12449 prime?
False
Is 327157 composite?
True
Is 1466467 a composite number?
True
Is 88117 prime?
True
Is 62683 composite?
False
Is 171023 a prime number?
True
Is 379273 a prime number?
True
Is 1003711 prime?
True
Is 77555 a composite number?
True
Is 717829 a prime number?
False
Is 19661 a prime number?
True
Is 5398 prime?
False
Is 17377 a composite number?
False
Is 15413 a composite number?
False
Is 164413 prime?
True
Is 364639 prime?
False
Is 1723801 prime?
True
Is 668201 composite?
False
Is 200063 composite?
False
Is 27527 prime?
True
Is 273541 a prime number?
False
Is 5951 composite?
True
Is 116789 composite?
False
Is 18187 a prime number?
False
Is 257671 a prime number?
True
Is 29363 composite?
False
Is 239179 composite?
False
Is 5749 a prime number?
True
Is 435103 a composite number?
False
Is 2531 a prime number?
True
Is 12147 a prime number?
False
Is 16603 composite?
False
Is 9967 a prime number?
True
Is 151937 composite?
False
Is 168163 composite?
True
Is 109423 composite?
False
Is 1120109 a composite number?
False
Is 21427 prime?
False
Is 7162 a composite number?
True
Is 769777 a prime number?
False
Is 41371 a composite number?
True
Is 339211 prime?
True
Is 164947 a prime number?
False
Is 1357969 a composite number?
False
Is 95561 prime?
True
Is 1605677 a prime number?
True
Is 22303 a composite number?
False
Is 1018603 a prime number?
False
Is 27499 composite?
True
Is 7841 prime?
True
Is 156929 composite?
True
Is 9311 a composite number?
False
Is 230151 composite?
True
Is 27509 a composite number?
False
Is 370801 a prime number?
True
Is 65069 composite?
True
Is 690253 prime?
False
Is 8369 a composite number?
False
Is 26933 a prime number?
False
Is 4699 a prime number?
False
Is 5761 a prime number?
False
Is 84887 prime?
False
Is 243503 prime?
False
Is 33343 a composite number?
False
Is 118819 composite?
False
Is 26177 a prime number?
True
Is 25087 composite?
False
Is 298 a composite number?
True
Is 689 a prime number?
False
Is 2940853 a prime number?
True
Is 55741 a composite number?
True
Is 13591 composite?
False
Is 51751 composite?
True
Is 408999 a prime number?
False
Is 125527 prime?
True
Is 229181 prime?
True
Is 91229 composite?
False
Is 150959 prime?
True
Is 2819 a prime number?
True
Is 81331 a prime number?
True
Is 610123 prime?
True
Is 3973 a prime number?
False
Is 450107 a prime number?
False
Is 564593 a composite number?
False
Is 8707 composite?
False
Is 42641 a prime number?
True
Is 75253 a prime number?
True
Is 41753 a composite number?
True
Is 30809 a prime number?
True
Is 1151 a composite number?
False
Is 61141 prime?
True
Is 23011 composite?
False
Is 3889 a prime number?
True
Is 1122709 prime?
False
Is 20993 composite?
True
Is 11143 a composite number?
True
Is 26749 prime?
False
Is 49823 a composite number?
False
Is 7237 prime?
True
Is 19301 prime?
True
Is 4699 a prime number?
False
Is 5197 a composite number?
False
Is 79087 a composite number?
False
Is 51 a composite number?
True
Is 427169 a prime number?
True
Is 157559 a prime number?
True
Is 13997 a prime number?
True
Is 9311 prime?
True
Is 71089 a composite number?
False
Is 411527 a composite number?
False
Is 10391 a composite number?
False
Is 7621 a prime number?
True
Is 4649 a prime number?
True
Is 5231 a prime number?
True
Is 731677 a composite number?
True
Is 778 composite?
True
Is 668117 prime?
False
Is 4117 a composite number?
True
Is 365399 a composite number?
True
Is 15569 a prime number?
True
Is 2718493 prime?
True
Is 36383 a prime number?
True
Is 40101 composite?
True
Is 4702 prime?
False
Is 86923 prime?
True
Is 889 a composite number?
True
Is 38053 prime?
True
Is 1943 a prime number?
False
Is 88577 a composite number?
True
Is 487681 a prime number?
True
Is 825713 composite?
True
Is 1693 a prime number?
True
Is 10546 a composite number?
True
Is 13817 prime?
False
Is 6079 composite?
False
Is 22931 prime?
False
Is 254077 a prime number?
False
Is 4721 prime?
True
Is 54037 a prime number?
True
Is 252451 a prime number?
False
Is 20789 composite?
False
Is 40231 a prime number?
True
Is 1073951 a composite number?
False
Is 32863 composite?
True
Is 149603 a prime number?
True
Is 10709 a prime number?
True
Is 4721 a composite number?
False
Is 8501 composite?
False
Is 77761 a composite number?
False
Is 14143 composite?
False
Is 5006 composite?
True
Is 13411 prime?
True
Is 643141 a prime number?
False
Is 5437 prime?
True
Is 47459 a prime number?
True
Is 9143 a prime number?
False
Is 207113 a prime number?
True
Is 323987 a composite number?
False
Is 135389 composite?
False
Is 1633 composite?
True
Is 2469497 composite?
False
Is 66455 prime?
False
Is 14813 prime?
True
Is 116059 a composite number?
True
Is 16501 a composite number?
True
Is 5923 a prime number?
True
Is 28349 composite?
False
Is 6449 a prime number?
True
Is 27997 composite?
False
Is 21215 prime?
False
Is 19291 composite?
True
Is 1537 a composite number?
True
Is 32519 prime?
False
Is 621797 composite?
True
Is 24359 a prime number?
True
Is 446107 a composite number?
True
Is 496123 composite?
False
Is 18787 a prime number?
True
Is 47597 a composite number?
True
Is 397351 composite?
False
Is 259 a composite number?
True
Is 2173 a composite number?
True
Is 20941 a composite number?
True
Is 100315 a composite number?
True
Is 28051 composite?
False
Is 2396587 prime?
True
Is 82 a composite number?
True
Is 561557 prime?
False
Is 3109 a composite number?
False
Is 106987 composite?
True
Is 142589 composite?
False
Is 910705 composite?
True
Is 48011 prime?
False
Is 26293 composite?
False
Is 8859 composite?
True
Is 147635 a composite number?
True
Is 62891 composite?
True
Is 9385 a composite number?
True
Is 8597 a composite number?
False
Is 348034 a composite number?
True
Is 11027 prime?
True
Is 120107 a prime number?
False
Is 273601 a prime number?
True
Is 1657 a composite number?
False
Is 36601 prime?
False
Is 55349 a prime number?
False
Is 22303 a prime number?
True
Is 70571 a prime number?
True
Is 135427 prime?
True
Is 93453 prime?
False
Is 211039 prime?
True
Is 341117 a prime number?
False
Is 325835 composite?
True
Is 24127 a composite number?
True
Is 321889 a composite number?
False
Is 4969 prime?
True
Is 201371 a prime number?
False
Is 1543 a prime number?
True
Is 2167 a prime number?
False
Is 206381 prime?
False
Is 838 a prime number?
False
Is 88761 a composite number?
True
Is 78901 composite?
False
Is 229459 a prime number?
True
Is 79 prime?
True
Is 141541 a composite number?
True
Is 12149 a 